{"id":89,"date":"2023-04-04T23:19:16","date_gmt":"2023-04-04T23:19:16","guid":{"rendered":"https:\/\/cafe-merlinos.de\/?page_id=89"},"modified":"2024-12-01T12:04:03","modified_gmt":"2024-12-01T12:04:03","slug":"verpflegungsautomaten","status":"publish","type":"page","link":"https:\/\/cafe-merlinos.de\/?page_id=89","title":{"rendered":"Verpflegungsautomaten"},"content":{"rendered":"<div id='layer_slider_1'  class='avia-layerslider main_color avia-shadow  avia-builder-el-0  el_before_av_three_fourth  avia-builder-el-first  container_wrap sidebar_right' style='  height: 461px;' ><\/div><div id='after_layer_slider_1'  class='main_color av_default_container_wrap container_wrap sidebar_right' style=' '  ><div class='container' ><div class='template-page content  av-content-small alpha units'><div class='post-entry post-entry-type-page post-entry-89'><div class='entry-content-wrapper clearfix'>\n<div class=\"flex_column av_three_fourth  flex_column_div av-zero-column-padding first  avia-builder-el-1  el_after_av_layerslider  el_before_av_one_fourth  avia-builder-el-first  \" style='border-radius:0px; '><section class=\"av_textblock_section \"  itemscope=\"itemscope\" itemtype=\"https:\/\/schema.org\/CreativeWork\" ><div class='avia_textblock  '   itemprop=\"text\" ><p>F\u00fcr die Kunden und Patienten ist ein 24 Stunden Verpflegungsautomaten-Service vorhanden.<\/p>\n<p>Dort k\u00f6nnen Hei\u00dfgetr\u00e4nke, kalte Getr\u00e4nke, Snacks, Schokoriegel und alkoholfreie Biere erworben werden.<\/p>\n<p>In der B\u00fccherei ist ein Kaltgetr\u00e4nkeautomat bereitgestellt. An diesem Ger\u00e4t k\u00f6nnen Sie mit 5 &#038; 10 Euro Scheinen bezahlt werden. Erh\u00e4ltlich sind Energy-Drinks, Limonaden, Wasser, Diabetiker-Kaltgetr\u00e4nke, Fruchtschorlen, S\u00e4fte und alkoholfreie Biere.<\/p>\n<p>Weitere Automaten befinden sich im Aufenthaltsraum der Klinik. An diesen Automaten k\u00f6nnen Sie nur mit M\u00fcnzgeld bezahlen. Dieses ist im Caf\u00e9\/Bistro, w\u00e4hrend der \u00d6ffnungszeiten, wechselbar. Hei\u00dfgetr\u00e4nke, Suppen, kalte Getr\u00e4nke, Frucht-Schorlen, Diabetiker-Getr\u00e4nke, Snacks, Schokoriegel und Wurstwaren stehen hier in den Automaten\u00a0 f\u00fcr Sie bereit.<\/p>\n<\/div><\/section><\/div>\n<div class=\"flex_column av_one_fourth  flex_column_div   avia-builder-el-3  el_after_av_three_fourth  avia-builder-el-last  \" style='padding:30px 0px 0px 0px ; border-radius:0px; '><\/div>\n","protected":false},"excerpt":{"rendered":"","protected":false},"author":1,"featured_media":0,"parent":0,"menu_order":0,"comment_status":"closed","ping_status":"closed","template":"","meta":{"footnotes":""},"class_list":["post-89","page","type-page","status-publish","hentry"],"_links":{"self":[{"href":"https:\/\/cafe-merlinos.de\/index.php?rest_route=\/wp\/v2\/pages\/89","targetHints":{"allow":["GET"]}}],"collection":[{"href":"https:\/\/cafe-merlinos.de\/index.php?rest_route=\/wp\/v2\/pages"}],"about":[{"href":"https:\/\/cafe-merlinos.de\/index.php?rest_route=\/wp\/v2\/types\/page"}],"author":[{"embeddable":true,"href":"https:\/\/cafe-merlinos.de\/index.php?rest_route=\/wp\/v2\/users\/1"}],"replies":[{"embeddable":true,"href":"https:\/\/cafe-merlinos.de\/index.php?rest_route=%2Fwp%2Fv2%2Fcomments&post=89"}],"version-history":[{"count":7,"href":"https:\/\/cafe-merlinos.de\/index.php?rest_route=\/wp\/v2\/pages\/89\/revisions"}],"predecessor-version":[{"id":234,"href":"https:\/\/cafe-merlinos.de\/index.php?rest_route=\/wp\/v2\/pages\/89\/revisions\/234"}],"wp:attachment":[{"href":"https:\/\/cafe-merlinos.de\/index.php?rest_route=%2Fwp%2Fv2%2Fmedia&parent=89"}],"curies":[{"name":"wp","href":"https:\/\/api.w.org\/{rel}","templated":true}]}}